 r and 46.
23
Let w = -41 + 55. What is the highest common factor of w and 84?
14
Let h = 4 + -3. Let v be -3 + h + (0 - 0). Let o be (2 + -1)*(-224)/v. Calculate the highest common divisor of 14 and o.
14
Let x be ((-8)/28)/((-1)/14). What is the greatest common divisor of 8 and x?
4
Let k = -15 + 17. Calculate the greatest common factor of 18 and k.
2
Suppose -2*i + 2*d + 5 = -1, -i + 5*d = 1. Calculate the highest common factor of i and 8.
4
Suppose -3*d - 2*d = -20. Suppose r + d = 17. What is the highest common factor of 39 and r?
13
Let c be (70/25)/((-2)/(-40)). Suppose -c = -a - a. Calculate the greatest common divisor of 252 and a.
28
Suppose 0*h - 145 = 5*h. Let v = 3 - h. Let s be 0 + -3 + 1 + v. What is the greatest common factor of 20 and s?
10
Let c be 148/18 - (-2)/(-9). Calculate the greatest common divisor of c and 72.
8
Let b be 4/(-2) - (9 - 5). Let s(i) = i**2 + 3*i + 3. Let u be s(b). What is the greatest common factor of 42 and u?
21
Let i(y) = -y**3 + 204. Let q be i(0). What is the greatest common divisor of q and 12?
12
Suppose 3*w + 4*w - 84 = 0. What is the greatest common divisor of 9 and w?
3
Let o(y) = 4 + y**2 - 4 - 4*y - 5. Let z be o(-7). Let t be (-2)/(-5) + z/20. What is the greatest common factor of 6 and t?
2
Suppose x - 65 = 56. What is the highest common divisor of x and 11?
11
Suppose -o + 2*o - 12 = 0. Suppose 2*x + 51 = x. Let r = 45 - x. What is the highest common factor of r and o?
12
Let b(n) = -n**3 + 33. Suppose 5 = 5*l - 2*p, 2*l + 2*p = -0*p + 16. Let k = l - 3. Let m be b(k). Calculate the highest common factor of 22 and m.
11
Let a(q) = -q**2 - q. Let w(c) = 5*c**2 - 3*c + 5. Let h(d) = -4*a(d) - w(d). Let p be h(5). Calculate the greatest common factor of 55 and p.
5
Let t be 40/12*(6 - 2 - 1). Calculate the highest common factor of t and 30.
10
Let i be (-12)/(-8)*16/2. What is the greatest common divisor of i and 16?
4
Let n be 9*(-4 + 20/4). What is the highest common divisor of 99 and n?
9
Let p = -39 + 57. Let z = -4 + p. Calculate the greatest common divisor of z and 28.
14
Let z(i) = 0 + 8 - 7*i + 2 - i**2. Let w be z(-8). Suppose -5*n + w*o - 2 = -53, 3*o + 27 = 2*n. Calculate the greatest common divisor of 72 and n.
9
Suppose -n - 3*n - 28 = -4*m, 0 = 3*m - 4*n - 22. Let v(x) = x**2 - 3*x + 5. Let c be v(5). Calculate the highest common divisor of c and m.
3
Let f(t) = t**3 + 4*t**2 + 2*t + 4. Let i be ((-6)/10)/((-6)/(-30)). Let d be f(i). What is the greatest common divisor of d and 56?
7
Suppose 2*k - 91 = -5*k. Calculate the highest common divisor of 26 and k.
13
Suppose 0 = -3*y - 13 + 1. Let d be (2/y)/(3/(-60)). What is the greatest common factor of 5 and d?
5
Let i = 134 + 95. Suppose 5*a - i = 211. Calculate the highest common factor of 8 and a.
8
Let v be 18/(-24) + (-5)/4. Let b be 2 + -4 - 124/v. What is the greatest common divisor of b and 20?
20
Let m = -7 - -10. Let t be (2/m)/(4/90). Let o(v) = 4*v**3 - 2. Let i be o(2). What is the highest common factor of i and t?
15
Let y be (-96)/10 + (-6)/15. Let u be (y/25)/(2/(-200)). Let m be 1/(-1*(-2)/16). Calculate the highest common factor of m and u.
8
Suppose 4 = -4*x + 2*b, 5*x - 3*b - 1 + 5 = 0. Let f = x + -3. Let u = 13 + f. Calculate the greatest common divisor of u and 16.
8
Suppose 3*k = 3*g - 201, 3*k - 2*k = -5*g + 317. Calculate the highest common divisor of 16 and g.
16
Let c(n) = n**3 + 12*n**2 - 19*n - 6. Let i be c(-13). Calculate the highest common divisor of i and 180.
36
Let l = 2 + 0. Calculate the greatest common factor of l and 22.
2
Suppose -d = -0*d + 54. Let i be ((-20)/(-8))/((-3)/d). Calculate the highest common factor of i and 18.
9
Let z = 69 + 7. Suppose -3*t + 3 = 0, -4*u + 83 = 5*t + 2. What is the highest common divisor of u and z?
19
Let b(s) be the third derivative of -s**6/120 - s**5/30 + s**3/3 - 8*s**2. Let w be b(-2). What is the greatest common divisor of w and 20?
2
Let a be (-1 - 0 - -1)/(-3). Suppose a = -6*n + 3*n - 5*w + 119, 46 = 2*n - 5*w. Calculate the greatest common factor of 3 and n.
3
Suppose q + 3 - 33 = 0. Let i = q - 17. Suppose 9*k = 12*k - 39. What is the greatest common factor of k and i?
13
Suppose -4 = 2*i + 26. Let u = -11 - i. What is the greatest common factor of u and 8?
4
Let x(d) = d**3 - 3*d**2 + d. Let n be x(3). Suppose -4*t - n*z + 481 = 0, -z - 243 = -2*t - 0*t. What is the greatest common factor of 11 and t?
11
Let c be ((-132)/30)/(2/10). Let f = 61 + c. Calculate the highest common factor of f and 13.
13
Let h be (-371)/(-35) - (-4)/10. Suppose v - h = -0. Suppose p - v + 2 = 0. What is the greatest common factor of 27 and p?
9
Let w(x) = -x + 14. Suppose -3*g + n = -33, -3*g + 14 = -g + 2*n. Let a be w(g). Calculate the highest common factor of 10 and a.
2
Let u = 77 - 75. Suppose -6 + 2 = -2*f. Suppose 0 = -v + 1, f*p - 8 = -3*v - v. Calculate the highest common divisor of p and u.
2
Suppose 0 = 4*o - 3*o - 5*j + 7, 0 = 2*o - j - 4. Let z = 6 - o. Suppose -z*n + 60 = n. Calculate the highest common factor of n and 10.
5
Suppose 0*a - 36 = -3*a. Suppose 39 = 3*x + k - 25, -a = -3*k. What is the highest common factor of x and 20?
20
Suppose 0*d - 10 = -5*d. Suppose 4 = r - 5*s, -d*s + 3*s - 20 = -5*r. Calculate the highest common divisor of 44 and r.
4
Let q be (15/2)/((-1)/(-10)). Suppose -q = -2*g - g. Let p be -1*10*1/(-1). Calculate the greatest common factor of g and p.
5
Let k(l) = -l**2 - 7*l + 2. Let y be k(-7). Suppose -s + n + 4 = 0, 3*n = -4*s + 7 + y. Calculate the highest common divisor of s and 15.
3
Suppose 0 = 5*m - 5*z, -5*m = 3*z - 5 + 13. Let v be -2 - -3*(0 - 1). Let j be (m/3)/(v/60). What is the highest common factor of 4 and j?
4
Suppose 47 = 6*j - 25. Calculate the greatest common factor of 78 and j.
6
Let d be (12/(-10))/(1/(-15)). Suppose -3*l + 4*l = d. Calculate the highest common factor of 18 and l.
18
Let b be (24/1)/((-27)/(-18)). What is the highest common factor of 4 and b?
4
Suppose 20 = -6*k + 2*k. Let m = k - -5. Suppose 0 = -m*d + 3*d - 120. Calculate the greatest common divisor of 16 and d.
8
Suppose o + 7 = 2*o. Let z be (-14)/(-4)*(16 - 14). Calculate the highest common factor of z and o.
7
Let v be (-30)/3*(-4)/(-8). Let m = v + 9. Let h(p) = -p**2 - 9*p + 2. Let n be h(-8). What is the highest common factor of n and m?
2
Let l = -21 + 61. What is the highest common divisor of l and 10?
10
Let k(h) = 2*h**2 + 3. Let s be k(-7). Suppose 0 = 4*b - 139 - s. Let a be (-471)/(-12) - (-3)/4. Calculate the highest common factor of a and b.
20
Suppose 4*f + 115 = -f. Let z = f - -33. Let y be (6/(-33) - (-24)/11)/2. Calculate the greatest common factor of z and y.
1
Let c(r) = -11*r**3 + 2*r**2 - r - 2. Let o be c(-2). Suppose -4*p - p = 95. Let q = p - -31. Calculate the highest common divisor of o and q.
12
Suppose 0 = -4*v - v + 20. Suppose 5*r - 3*t = 437, v*r + 2*t = 7*t + 347. Calculate the highest common factor of r and 11.
11
Let y be (5/(-2))/((-8)/576). Suppose 3*z + 17 = 71. Calculate the highest common factor of z and y.
18
Suppose 5*g + 4 = 49. Let z(y) = y**3 - 9*y**2 + 11. Let h be z(g). What is the greatest common divisor of 44 and h?
11
Let r = 4 + -1. Suppose -z = -5*h - 116, 556 = z + r*z + 3*h. Calculate the highest common factor of 17 and z.
17
Let g be (1 + 0)*9 - -2. Let h = -8 + g. Suppose -5*y - 4*f + 34 = 0, 25 = 5*y - h*f - 37. What is the highest common factor of 15 and y?
5
Suppose -5*v - 224 = -4*h, -5*h + 8*v + 280 = 5*v. Suppose 2*j + 114 = -j. Let o = j + h. What is the greatest common divisor of 9 and o?
9
Let i = -112 - -174. What is the highest common divisor of 155 and i?
31
Let x = 66 - 44. Let l = x - 7. What is the highest common divisor of 15 and l?
15
Let y(t) = -t + 3. Let p be y(2). Let z be 0 - 1 - (-11)/p. Let u(f) = f**3 + 4*f**2 - f. Let n be u(-4). What is the greatest common divisor of z and n?
2
Suppose -j = -3*f + 462, -4*f = 6*j - j - 597. What is the greatest common divisor of f and 17?
17
Suppose -4*c = 2*n - n - 4, 3*n - 20 = -4*c. What is the greatest common factor of n and 16?
8
Suppose -2*u + 3 = -z - 3*u, -3*u = 5*z + 9. Suppose -4*c + 2*c + 16 = z. What is the highest common factor of c and 8?
8
Suppose j - 1100 = -4*j. What is the greatest common facto